vative of s**5/60 + s**4/12 - s**3/3 - s**2. List the prime factors of c(r).
2, 11
Let u(o) = 60*o**2 - 6*o - 5. List the prime factors of u(4).
7, 19
Let i = 295 - -636. List the prime factors of i.
7, 19
Let d(f) be the third derivative of f**5/60 + f**4/4 + 5*f**3/6 - 8*f**2. List the prime factors of d(-8).
3, 7
Suppose 0 = 15*k - 16*k + 3. Let s(b) = 47*b - 1 - 21*b + b**k - 23*b. List the prime factors of s(2).
13
Let y(r) = r - 5. Let f be 1/((-1)/(-21)*3). Let g be y(f). Suppose 68 + 8 = g*b. List the prime factors of b.
2, 19
List the prime factors of (-42 - -5)*-1 + (-3 - -2).
2, 3
Suppose 35 - 3 = 2*m. Suppose 0*w = 2*w - m. List the prime factors of 456/w - 0/(-1).
3, 19
Suppose -a = -u, -u = -a + 3*u + 6. Let j = 24 - a. Suppose 2*b - j = -3*p, -4*b - 3*p = p - 52. List the prime factors of b.
13
Let g be 18/2*(-2)/(-6). Suppose g*a + 0*x - 14 = x, -4*a = 2*x - 32. List the prime factors of -2*(-39)/a + 0.
13
List the prime factors of 22435/(-21)*(-12)/20.
641
Let c be 3 - ((-9)/3 - -2). Suppose -5*v + 576 + 236 = c*y, -4*y - 500 = -3*v. List the prime factors of (-10)/5*v/(-8).
41
Let r(u) = 5*u**2 - 10*u - 20. List the prime factors of r(10).
2, 5, 19
Suppose g - i = 44, -2*g + 4*i + 101 = 9. Let c = 35 + g. What are the prime factors of c?
7, 11
Let g be 3/(27/6)*(-60)/(-1). Let d = 5 - 1. Suppose 0 = 3*v - 6, -d*w + 126 = 3*v - g. List the prime factors of w.
2, 5
List the prime factors of 9*172 - (21 - 26).
1553
Suppose -1 = -2*k + 3. Suppose 13 = 2*y + 2*f + f, -y + 3*f = -k. List the prime factors of y.
5
Suppose -y + 3 = a - 2*a, 5*a = -3*y + 17. List the prime factors of (67 + 3/a)*(2 + 0).
2, 5, 7
Let z = -2 - 9. Let v = z - -2. Let d(r) = -r - 2. List the prime factors of d(v).
7
Suppose p - q - 518 + 33 = 0, 5*p - 2*q = 2425. What are the prime factors of p?
5, 97
Let v(g) be the second derivative of g**5/20 - 23*g**4/12 + 5*g**3/6 - 6*g**2 + 15*g. List the prime factors of v(23).
103
Let g = 38 + -32. Suppose 4*p = g*p - 188. What are the prime factors of p?
2, 47
Suppose -2*k + 42 + 80 = 4*r, -3*r = k - 91. What are the prime factors of r + -1 + -2 + 3?
2, 3, 5
Let s(k) = -k**2 - 21*k - 35. Let j = -78 - -67. What are the prime factors of s(j)?
3, 5
Let c be 1/(-3) - 31/(-3). Let t = -6 + c. Suppose t*u + 42 - 142 = 0. List the prime factors of u.
5
Suppose 166 = 5*h + 3*q, -3*h + h + 66 = q. Suppose 2*g - 3*z = 4*g - 15, 0 = -4*g - 4*z + h. Let u = 4 + g. What are the prime factors of u?
13
Let c(i) = i**2 - 6*i. Let a = 10 + -5. Let k be c(a). Let h(v) = 2*v**2 + 7*v + 7. List the prime factors of h(k).
2, 11
Let q be (-1*(-3)/(-6))/((-2)/(-4)). What are the prime factors of (-1)/(q/27) + -2 + 0?
5
Suppose 0 = 7*n - 11*n - 20. Let w = 5 + n. Let k(j) = 2*j + 31. What are the prime factors of k(w)?
31
Suppose 4*d + 12 = 0, 0*h + 2*h = -5*d + 1109. List the prime factors of h.
2, 281
Let w(u) = 10*u**3 + 56*u**2 - 38*u + 154. Let t(l) = -3*l**3 - 19*l**2 + 13*l - 51. Let n(h) = 7*t(h) + 2*w(h). List the prime factors of n(-22).
3, 5, 7
Let t = -1047 + 2055. List the prime factors of t.
2, 3, 7
Suppose -3*l = -6*l + 1053. Suppose 4*o + 5862 + l = -5*v, 3*v = 9. What are the prime factors of 4/(-18) + o/(-81)?
19
Let g(m) = -m**3 - 3*m**2 - 2*m + 3. Suppose -3*v - 2*o = -0*o - 1, 4*v = -3*o + 3. Let c be g(v). Suppose -k + c = 2*k. List the prime factors of k.
3
Suppose 164*q = 117*q + 154724. List the prime factors of q.
2, 823
Let c = -51 + 120. List the prime factors of c.
3, 23
Let y(n) = n**2 - 10*n + 12. Let k(w) be the third derivative of -w**4/6 - w**3/6 + w**2. Let i be k(-3). What are the prime factors of y(i)?
23
Suppose 5*v - 3*j - 110 = 41, -3*j = 6. Let u(f) = 12*f**2 + 2. Let l be u(-2). Let i = l - v. List the prime factors of i.
3, 7
Suppose -284 + 1913 = 9*g. Suppose 5*n + 36 = g. List the prime factors of n.
29
Suppose 6*p - b - 3 = 4*p, -2*p - 3*b = -7. Suppose 0 = -2*x + 3*x + p, 0 = -y + 5*x + 121. List the prime factors of y.
3, 37
Let j(c) = 0*c**3 + 10 - c**3 - c + 7*c**2 - 13. What are the prime factors of j(5)?
2, 3, 7
Suppose 4*x + 16 = 4*d - 12, -5*x - d - 11 = 0. Let n be (6/x - 2)/1. What are the prime factors of (-4)/(-8) + (-22)/n?
2, 3
Suppose 3*b + 6 = 6*b. List the prime factors of (-1)/(b + 134/(-66)).
3, 11
Suppose -2*y = 3 - 9. Suppose 4*h + 3*a = 67, 2*a = h - 0*h - y. Let t(k) = k + 14. What are the prime factors of t(h)?
3
Suppose -5 - 5 = 2*c. Let g(h) = -6*h - 22. List the prime factors of g(c).
2
Suppose 17*h = 68*h - 15045. List the prime factors of h.
5, 59
Let r = 23 + -27. Let n be (72/(-60))/(r/10). Suppose 12 = 5*s - i, s - 1 = -n*i - 5. List the prime factors of s.
2
Let j = 81 + -196. Let y = -6 - j. List the prime factors of y.
109
Let b = 14 - 2. Suppose 18 - b = 3*n. Suppose -3*o + 25 = 5*w, -3*w - 12 = -n*o - 4*w. List the prime factors of o.
5
Suppose 0 = 3*m + g + 260, -4*m + 0*m = g + 345. Let w be (1 - (8 + -2))*(-132)/5. Let n = w + m. What are the prime factors of n?
47
Suppose 2*n - 47 = g - 703, 5*n = 2*g - 1639. Let q = -190 - n. List the prime factors of q.
137
Suppose 910*q - 924*q = -36652. List the prime factors of q.
2, 7, 11, 17
List the prime factors of (82/(-26) - -3) + 126080/208.
2, 3, 101
Suppose i - 77 = 55. Let l = 308 - i. What are the prime factors of l?
2, 11
Let u(d) be the second derivative of d**3/3 - 8*d**2 + 5*d. Let b(g) = -g**3 - 4*g**2 + g - 9. Let j be b(-5). List the prime factors of u(j).
2, 3
Suppose 4*g = f + 2, 4*f + g - 2*g = 7. Suppose 0 = -f*o + o + 26. List the prime factors of o.
2, 13
Suppose -2*c - 2*c = -184. Let u = 158 - c. Suppose 0*n = -4*n + 5*j + u, 2*n + 5*j - 26 = 0. List the prime factors of n.
23
Suppose 27082 = 12*g - 1478. List the prime factors of g.
2, 5, 7, 17
Let l(c) = 5*c**2 - 23*c - 100. List the prime factors of l(-14).
2, 601
Let o(w) = 26*w + 2. Let r(x) = -x**3 + x**2 + 2*x + 1. Let s be r(-1). Let c be (((-4)/4)/(-1))/s. List the prime factors of o(c).
2, 7
Suppose 0 = 2*j - 1 - 5. Let k be j - (9 + (2 - -1)). Let a = k + 13. List the prime factors of a.
2
Suppose 8*i = 30 + 10. Suppose 0*g = 5*g + 2*n - 524, 0 = -2*g - i*n + 197. What are the prime factors of g?
2, 53
Let h = -424 + 667. What are the prime factors of h?
3
Suppose 7 = 3*i - 86. Let o = i - -149. Suppose -5*v - 2*m + 26 = -o, -3*v - 5*m = -116. List the prime factors of v.
2, 3, 7
Suppose -107*o + 116*o - 6210 = 0. List the prime factors of o.
2, 3, 5, 23
Let w(r) = r**3 - 14*r**2 + 14*r - 10. Let i be w(13). Suppose 2*q - 91 = t - 16, 3 = i*t. What are the prime factors of q?
2, 19
Let h = 6681 - 4459. What are the prime factors of h?
2, 11, 101
Suppose -5*i = -1713 + 28. What are the prime factors of i?
337
Let p be -1*0/(8 + -4). Suppose 5*r - 15 = -p. Suppose r*b + 0 = 180. List the prime factors of b.
2, 3, 5
Let p(c) = -c + 12. Let g be p(16). Let x be 137/g + (-33)/44. What are the prime factors of (-260)/x*(-7)/(-2)?
2, 13
Let f = 2056 - 1140. What are the prime factors of f?
2, 229
Let f = 67 + -62. Suppose f*r - 6*r = -104. What are the prime factors of r?
2, 13
Let n = -35 - -12. Suppose -11*m + 16*m + 210 = 5*r, 30 = r + 3*m. Let z = n + r. List the prime factors of z.
2
Suppose -572 = -4*j + 4*a, 0 = -2*j - 0*j + a + 288. Suppose -9*r + 431 = -j. List the prime factors of r.
2
Suppose 31*u = 27*u + 348. List the prime factors of u.
3, 29
Let r(d) = -d**3 - 6*d**2 - 4*d + 14. What are the prime factors of r(-14)?
2, 3, 7, 13
Suppose 10 + 2 = 2*m. Suppose -m = 4*q + 2*w, 5*q + 4*w - 5 = -w. List the prime factors of (q/2)/(4/(-46)).
23
List the prime factors of (-14)/(-168)*18 - 1402/(-4).
2, 11
Let q(s) = -5*s**2 - 7*s - 38 + s**2 - 17*s + 3*s**2. What are the prime factors of q(-9)?
97
List the prime factors of ((-238)/3)/(408/36 - 12).
7, 17
Suppose -2*z + z - p - 78 = 0, -5*z + 2*p - 397 = 0. Let h = 0 - z. What are the prime factors of h?
79
Let h(n) = -n**3 + 10*n**2 + 7*n + 9. Let a be (-57)/(-5) + (-6)/15. Let w be h(a). Let d = -17 - w. List the prime factors of d.
2, 3
Suppose -14*g + 981 = -1063. List the prime factors of g.
2, 73
Suppose 9 = -u - 0*u - 4*q, 21 = 2*u - 5*q. Suppose -u*a + 2 + 4 = 0. Suppose -3*s + a*f = -f - 36, -s - 4*f = 3. List the prime factors of s.
3
Let q = 6203 - 3437. List th